= -11*s - 13. Let i(u) = -9*a(u) - 4*j(u). Calculate i(-3).
1
Let h(u) = u**2 - u. Let d = -1 + 7. Let a = d - 4. Calculate h(a).
2
Let b(y) = -y**3 + 5*y**2 + y. Suppose -2*t - 6*v = -7*v - 13, -5*v = 4*t - 5. Determine b(t).
5
Suppose 5*k - 28 = -8. Let z(f) = -f**3 + 5*f**2 - 3*f + 2. Determine z(k).
6
Let a(x) = -7*x**2. Suppose -3*n - n = 0. Suppose n = -j + 2*u + 7, -2*j + 0*u - 10 = 2*u. Determine a(j).
-7
Let c(x) = -7 - 17*x + 49*x - 13*x - 18*x. What is c(-6)?
-13
Let q be (42/24)/(2/8). Let h(t) = -t**2 + 8*t - 6. Let y(k) = -k**2 + 8*k - 6. Let s(u) = q*h(u) - 6*y(u). Determine s(6).
6
Let u(g) = g**2 + g + 1. Let o be (-15)/(((-1)/1)/1). Let f(s) = s**2 + 2*s - 1. Let h be f(1). Suppose -5*r = -o, 5*x - h = 3*r - 11. Calculate u(x).
1
Let f = 6 - 5. Let c(j) = -2*j - f + 2*j + 2*j. What is c(-1)?
-3
Let c(j) = -4*j**3 + 2*j**2 + 2*j + 1. Let y be 14/(-10) + (-2)/(-5). What is c(y)?
5
Let s = -11 - -7. Let l(g) be the second derivative of -g**3/3 - g**2 - 6*g - 3. Determine l(s).
6
Let t = 8 + -9. Let l be (-2 + t)*(-6)/18. Let b(j) = -11*j**3 + 1. Determine b(l).
-10
Let i(y) = 2*y**3 + 2*y**2 - y. Let d be ((-1)/(-9) - (-22)/99)*3. Give i(d).
3
Let w be 5*7*(-24)/(-15). Let i be (0 - -7)*16/w. Let s(t) = -3*t**3 + 4*t**3 - 3*t**2 + 2*t - 3 + 3 + i. What is s(3)?
8
Let r = -15 + 11. Let s be (2/r)/((-2)/(-24)). Let q(b) = b**3 + 5*b**2 - 6*b - 2. What is q(s)?
-2
Let s(f) = -2*f - 1. Let v(y) = y - 5. Let p be v(5). Suppose c + p = 3. Calculate s(c).
-7
Suppose -4*u = 72 + 20. Let l = u + 21. Let w(p) = -6*p + 2. Determine w(l).
14
Let w(n) = -n**2 + n + 4. Let p be (-4 + 4)/(2 + 0). Determine w(p).
4
Let y(j) be the first derivative of 1/3*j**3 + 3*j + 2*j**2 + 1. Let q(h) = -h**3 - 3*h**2 + 2*h + 4. Let g be q(-3). Calculate y(g).
-1
Let u(v) = -12*v**3 + v**2 - v - 1. Let d(c) = 3*c + 3*c**2 - 5 - 3*c**2 + c**2. Let r be d(-4). Calculate u(r).
13
Let m be 8/2 - (-6)/(-1). Let i(b) = -b**3. Calculate i(m).
8
Let v(y) = 6*y + 3. Let r(i) = -i**3 - 9*i**2 + 10*i + 2. Let a be r(-10). Suppose -o + a = o. Let c be -3*o/(-3)*-2. Determine v(c).
-9
Suppose -3*u + 5*u - 8 = 0. Let r(m) be the first derivative of 3/2*m**2 - 1 + 0*m - 1/3*m**3. What is r(u)?
-4
Let x(i) = -3*i**2 + 7*i - 23. Suppose 5*j - 7 - 48 = 0. Suppose -5*c - j + 31 = 0. Let o(n) = -n**2 + 2*n - 8. Let g(f) = c*x(f) - 11*o(f). What is g(4)?
4
Suppose -h = -0 + 2. Let t(m) = m + 2. Let w(y) = -2*y - 3. Let x(i) = -3*t(i) - 2*w(i). What is x(h)?
-2
Let s(l) = l**2 + 4*l - 8. Let v be s(-6). Let o(f) = f**2 - 6*f + 4. Determine o(v).
-4
Suppose 4*c - 11 = 9. Let b(z) = -2 + c*z + 1 - 1. Determine b(2).
8
Let y(j) = 8*j + 1. Let m(z) = 2*z**2 - z - 2. Let t be m(2). Suppose 6*r - 4*r - 6 = -t*x, -4*x = 5*r - 3. Calculate y(r).
-7
Let a(t) be the second derivative of -t**7/2520 + t**5/40 + t**4/3 - t. Let j(s) be the third derivative of a(s). What is j(3)?
-6
Suppose 0 = 3*o + 5*l + 6, -l - l = 3*o - 3. Suppose -4*f - 3*m - 19 = 0, -o*f - 2*m + m - 13 = 0. Let i(b) = -b + 3. Calculate i(f).
7
Let a(o) = o**3 - 3*o**2 + o + 2. Suppose -2*h - 3*h = -15. Calculate a(h).
5
Let h(o) = -2*o - 2. Let f(w) = 2*w**2 + 3*w - 2. Let j be f(2). Let x be j/9*(-9)/6. What is h(x)?
2
Suppose -5*g - 5*r + 25 = 0, -5*g + 0*g + 4*r = 20. Suppose g = 2*s - 5*s + 3. Let x(a) = -7*a**2 + 3*a**2 - 4*a**2 + 1. What is x(s)?
-7
Let m(q) = -q**3 + 24*q**2 + 24*q + 21. Let o be m(25). Let z(s) = s + 0*s**2 - s**2 - 5 - 7*s. Determine z(o).
3
Let j(d) be the second derivative of 0 - 5/2*d**2 + 3*d + 1/6*d**3. Determine j(4).
-1
Let j(r) be the first derivative of -r**4/4 + 2*r**3/3 + r**2 + r - 1. Let g(q) = -q - 3. Let s be g(-4). Let d be (s + 4*-1)*-1. What is j(d)?
-2
Let v(z) = 3*z**2 + 1. Let a be v(1). Let p = -4 + 7. Suppose p*u = c + 8, 0*u = c + u - a. Let b(g) = -2*g. Determine b(c).
-2
Let y(t) = -15 + 14*t + 0*t**2 + 5*t**2 + 3. Let p(j) = j**2 + 2. Let d be p(3). Let w(b) = 9*b**2 + 27*b - 23. Let k(v) = d*y(v) - 6*w(v). Give k(5).
-9
Let t(h) = 18*h**3 + h - 7. Let u(y) = -y**3 + 1. Let i(g) = t(g) + 6*u(g). Give i(1).
12
Let g(m) = m**2 - 7*m + 7. Let u be ((-5)/2)/(10/(-20)). Suppose u*z = 5*w - 25, -z - 1 = -2*z. Determine g(w).
1
Let w(x) = 2*x + 3 - 9*x**2 + 8*x**2 - 1 + 2*x**2. Give w(-2).
2
Let w(x) = 2*x - 4. Suppose 0 = -3*c + g + 33, -2*g + 4 = 2*c - 18. Let f = c - 7. What is w(f)?
4
Let z(x) = -x + 7. Let f(j) = -4*j + 20. Let b(q) = -2*f(q) + 7*z(q). Give b(-6).
3
Suppose 0*l = -4*l + 4. Let i(j) be the first derivative of -3*j**2/2 + j - 1. Let t be i(l). Let q(k) = k**3 - k**2 - 2*k - 1. Determine q(t).
-9
Let i(q) be the first derivative of 2 + 1/4*q**4 - 4/3*q**3 - 3*q**2 + 4*q. Calculate i(5).
-1
Let f(k) = -2*k + 1. Let i = -33 + 51. Suppose 5*j + j = -i. Determine f(j).
7
Let u be ((-6)/(-4))/((-6)/(-8)). Suppose -u*k + 5 + 1 = 0. Let o(q) = 5*q - 4. Give o(k).
11
Let j(b) = -b**2 + 5*b + 1. Let u(m) = 6*m - 1. Suppose -r + 2 = r. Let h be u(r). Calculate j(h).
1
Let w = 2 - 0. Let u(o) = -o**w + o**3 + 0*o - o**3 + o**3 + 2 + o. Give u(0).
2
Let p = 10 - 13. Let b(l) = -2*l**3 - l**2 + 4*l + 4. Let v(z) = 3*z**3 + 2*z**2 - 7*z - 7. Let r(u) = p*v(u) - 5*b(u). Determine r(2).
7
Let r = 9 + -9. Let w(h) = -h - 9. Calculate w(r).
-9
Let w(f) = -2*f + 5. Let a = 7 + -1. Determine w(a).
-7
Let z be (22/8)/(1/4). Let n(d) = -d**3 + 10 - z - 6*d**3. Suppose -5*g - 5*q = -3*q + 13, -3*g + 2*q = -5. Determine n(g).
6
Let a(b) = 6*b**2 - b**2 + 1 - 7*b**2. What is a(-2)?
-7
Let u(b) = -3*b**3 + b**2 + 2*b + 1. Suppose 1 = 3*j - 5. Suppose j*v + v = 2*h - 2, -v - 3*h + 14 = 0. What is u(v)?
-15
Let h(c) = -3*c - 1. Let y be h(-2). Let k(w) = -w**3 + 1. Let d(p) = 4*p**3 - 6*p**2 - 5*p - 11. Let n(v) = y*k(v) + d(v). What is n(-5)?
-6
Let y(r) = -188*r - 182*r + 375*r. Give y(-3).
-15
Let r(v) be the first derivative of -3 - 1/15*v**5 - 1/6*v**3 + 1/6*v**4 - 1/120*v**6 + 0*v - 3/2*v**2. Let c(j) be the second derivative of r(j). Give c(-5).
4
Let p(k) = -k**3 + 2*k**2 + 3*k + 3. Let j be p(3). Let m(n) be the second derivative of 2/3*n**j + 1/2*n**2 + 1/20*n**5 - 5/12*n**4 + 2*n + 0. What is m(3)?
-5
Let j(n) = -n**3 - 1 + 0*n**3 - 5*n + 6*n**2 - 3*n + 4. Determine j(5).
-12
Let w(b) be the first derivative of b**4/4 - b**3/3 + b**2/2 + 2*b + 1. Let z(q) = q**3 + 5*q**2 - 7*q - 4. Let y be z(-6). Determine w(y).
8
Let n be ((-14)/35)/(2/(-10)). Let w(m) = -2*m**3 + m**2 - 2*m - 1. Determine w(n).
-17
Let x(t) = 32*t**3 - 3*t**2 - 20*t + 17. Let y(v) = -11*v**3 + v**2 + 7*v - 6. Let c(d) = -6*x(d) - 17*y(d). Calculate c(-1).
5
Let s(n) = -11*n**3 + 29*n**2 - 32*n + 21. Let j(q) = -7*q**3 + 19*q**2 - 21*q + 14. Let c(y) = -8*j(y) + 5*s(y). Calculate c(5).
-17
Suppose 2*y + y = -15. Let l(s) be the first derivative of -s**4/4 - 4*s**3/3 + 5*s**2/2 + 54. Calculate l(y).
0
Let x(j) be the first derivative of j**2 + 6*j + 3. Determine x(-4).
-2
Suppose -j = -b + 12, -b + 2*b - 5*j - 32 = 0. Let w(g) = -4 - 3*g + b - 6. Calculate w(-3).
6
Let b(w) be the third derivative of -w**6/120 - 7*w**5/60 + w**4/3 - 2*w**3/3 - 11*w**2. Give b(-8).
-4
Let l(k) = k**3 - 4*k**2 + 2*k. Let j be (-2)/12 + (-125)/(-30). What is l(j)?
8
Suppose 0*i - i = 0. Let m(t) = -t + 4. What is m(i)?
4
Let c(y) be the first derivative of y**2/2 + 3*y - 43. Determine c(8).
11
Let p(m) = -m. Let y(o) = -4*o + 5. Let s(n) = -5*p(n) + y(n). Determine s(-4).
1
Let w(a) = -10*a - 2. Let v(z) = -15*z - 3. Let t(r) = 5*v(r) - 7*w(r). Let u be 5/3 + (-4)/6. Let b be (-1)/(2/(-2)*u). Calculate t(b).
-6
Let p(o) = 4*o**3 + o + 1. Let z be 0 - (-1 - 3) - 5. Calculate p(z).
-4
Let m(n) = -n + 7. Suppose -7*x + 31 = -4. Calculate m(x).
2
Let b(l) = l + 11. Let n = 5 - 10. Let k be b(n). Let u(f) = f**3 - 7*f**2 + 7*f - 2. Give u(k).
4
Let v(p) = -2 - 2661*p + p**2 + 2663*p - 3. Calculate v(-4).
3
Let z(i) = -i**2 - i + 5. Let d be z(0). Suppose 52 = 5*w + 17. Let g(q) = -w - q + 3*q + 0. Calculate g(d).
3
Suppose 0*g - 5*g + 9 = -t, -2*g = 3*t + 10. Let p(v) = 5 - 1 + 9*v + g - 4. Determine p(-1).
-8
Let q(p) = 7*p - 1. Let d(t) = -t**3 + t**2 + t. Let n be d(-1). Give q(n).
6
Let l(k) be the third derivative of -k**4/24 - k**3/2 + 8*k**2. Determine l(6).
-9
Let f(l) = -l + 1 - 1 + 2. Let i be f(-3). Let m(j) = 3*j*